5*x**2 + 16*x - 57. What is m(-4)?
-9
Let g(j) = -313*j - 2445. Calculate g(-7).
-254
Let s(l) = -l**2 - 1443*l - 81499. Give s(-59).
157
Let a(c) = -2*c**3 - 67*c**2 + 6*c + 137. Determine a(-34).
1089
Let p(i) = 1667*i + 133. Calculate p(-1).
-1534
Let l(a) = 12*a**3 + 6792*a**2 - 6793*a - 4. Determine l(1).
7
Let p(m) = -m**2 - 44*m + 1703. Give p(-66).
251
Let i(x) = 4*x**3 - 4*x**2 - 8*x - 9. Calculate i(-5).
-569
Let l(c) = -c**3 + 71*c**2 - 142*c + 19. Determine l(69).
-257
Let h(n) = -55662*n + 556613. Calculate h(10).
-7
Let l(y) = 306*y - 9159. Give l(30).
21
Let z(t) = 74*t**2 - 115*t - 221. Calculate z(-2).
305
Let r(h) = h**2 - 707*h + 125138. Calculate r(357).
188
Let j(g) = 19137*g - 325233. Give j(17).
96
Let d(u) = 84*u**2 + 206*u - 4232. What is d(6)?
28
Let k(t) = 782*t - 250242. Give k(320).
-2
Let d(x) = 5*x**2 + 123*x - 447. What is d(4)?
125
Let i(j) = -j**2 - 2*j + 59. Determine i(-38).
-1309
Let l(p) = -1075*p + 406. What is l(0)?
406
Let x(i) = 3*i**3 + 211*i**2 - 65*i + 5457. Calculate x(-71).
-10
Let n(s) = -47*s**2 - 760*s + 634. Determine n(-17).
-29
Let j(x) = -137*x**2 - 2540*x - 6388. Calculate j(-3).
-1
Let i(r) = -25*r**2 - 4576*r + 9036. Calculate i(-185).
-29
Let h(m) = -3531*m + 151735. Calculate h(43).
-98
Let r(x) = -x**2 + 17*x + 504. What is r(29)?
156
Let m(h) = -393994*h - 3939970. Determine m(-10).
-30
Let q(m) = -8*m**3 + 25*m**2 - 135*m + 147. Determine q(4).
-505
Let i(l) = -l**3 + 920*l**2 - 23253*l + 142. What is i(26)?
-92
Let w(t) = t**3 + 23*t**2 + 292*t + 5229. Determine w(-21).
-21
Let j(d) = 16*d**3 - 353*d**2 + 31*d - 169. Calculate j(22).
29
Let c(p) = p**3 + 1445*p**2 + 47983*p + 299. Give c(-34).
-7
Let w(x) = 5390*x - 188716. Give w(35).
-66
Let x(n) = -4456*n + 236165. Calculate x(53).
-3
Let u(v) = 28755*v - 2530437. What is u(88)?
3
Let t(q) = 18*q**3 + 1313*q**2 - 72*q + 165. What is t(-73)?
92
Let w(x) = -x**2 - 30*x - 72. Calculate w(-10).
128
Let d(f) = -10163*f - 3668824. What is d(-361)?
19
Let w(h) = 2*h**3 + 239*h**2 + 347*h - 602. What is w(-118)?
224
Let f(l) = 128847*l - 1803825. Calculate f(14).
33
Let r(g) = 291*g + 19183. Give r(-66).
-23
Let o(g) = -213*g + 1378. What is o(7)?
-113
Let v(w) = -w**2 + 42*w + 3225. What is v(77)?
530
Let n(a) = -a**3 + 91*a**2 - 1120*a + 110. What is n(15)?
410
Let o(f) = 82*f**2 + 11*f - 50. Calculate o(-7).
3891
Let w(j) = -874*j**2 + 48089*j - 1051. Give w(55).
-6
Let y(i) = 3*i**3 + 85*i**2 - 606*i - 25. What is y(-35)?
-3315
Let x(a) = 2*a**2 + 939*a - 234656. Determine x(-650).
-6
Let v(k) = -763*k - 1443. Determine v(-2).
83
Let s(h) = -444*h**2 - 2276*h - 290. Calculate s(-5).
-10
Let q(i) = -i**2 + 47*i - 679. Give q(22).
-129
Let b(w) = 1265*w**2 - 5037*w + 12. What is b(4)?
104
Let t(l) = -59*l**3 - 19305*l**2 - 23147*l - 318. Calculate t(-326).
8
Let f(n) = -2*n**3 + 121*n**2 - 1566*n + 550. What is f(42)?
46
Let h(r) = 176277*r**2 + 3701817*r - 7. Give h(-21).
-7
Let h(s) = -s**3 - 37*s**2 + 89*s + 5556. What is h(-35)?
-9
Let n(u) = 312*u**2 + 4016*u + 8032. What is n(-2)?
1248
Let r(h) = -500*h + 1528. Determine r(3).
28
Let z(f) = -179*f + 20995. Calculate z(106).
2021
Let q(l) = -6*l**3 + 707*l**2 + 295*l - 20881. Determine q(118).
5
Let f(a) = a**3 - 1303*a**2 - 4723*a + 1051338. Give f(1306).
8
Let q(f) = 2*f**3 - 197*f**2 + 508*f - 506. Determine q(96).
2182
Let s(z) = 1725058*z + 46576568. What is s(-27)?
2
Let y(q) = q**3 + 12*q**2 - 196*q - 110. What is y(-22)?
-638
Let y(x) = x**2 + 248*x + 3932. What is y(-230)?
-208
Let w(n) = -1190*n - 203524. What is w(-171)?
-34
Let b(i) = i**3 - 297*i**2 + 283*i + 3853. Determine b(296).
5
Let k(r) = r**3 - 512*r**2 - 112557*r - 1493. Calculate k(-166).
1
Let m(f) = 66*f**3 - 518*f**2 - 3*f - 14. Give m(8).
602
Let b(p) = -18*p**3 + 3831*p**2 - 14430*p + 1868. What is b(209)?
-13
Let c(r) = 1005*r**3 - 11*r**2 + 10*r + 2. What is c(1)?
1006
Let r(z) = -15*z**2 + 6247*z + 18890. Determine r(-3).
14
Let t(c) = -c**3 - 192*c**2 - 9167*c + 2255. Determine t(-91).
71
Let h(c) = c**3 - 14*c**2 + 241*c - 2405. Give h(11).
-117
Let n(y) = -12*y**2 - 758*y - 4602. Determine n(-6).
-486
Let z(s) = 420*s + 9873. Give z(-25).
-627
Let g(f) = -135*f**2 + 5256*f + 2. Calculate g(39).
-349
Let b(k) = -240*k - 40927. Determine b(-141).
-7087
Let p(n) = n**2 + 167*n - 13587. Calculate p(-227).
33
Let y(d) = 104*d**2 - 34622*d - 3331. Give y(333).
-1
Let b(z) = -2*z**3 - 53*z**2 - 38*z - 247. Give b(-26).
65
Let p(c) = -23547*c + 94162. Give p(4).
-26
Let q(i) = 212974*i + 9370821. Determine q(-44).
-35
Let q(i) = 4446*i + 22456. Calculate q(-5).
226
Let h(g) = g**3 - 2931*g**2 + 3061*g - 383829. Give h(2930).
1
Let u(j) = j**2 - 1506*j + 143215. Calculate u(102).
7
Let z(f) = 2478*f + 119121. Determine z(-48).
177
Let u(j) = -3*j**3 - 6*j**2 - 18*j - 203. Calculate u(-10).
2377
Let y(c) = -2453552*c - 18. What is y(0)?
-18
Let u(q) = 5*q**2 + 473*q - 1062. Give u(-98).
604
Let l(w) = 11*w**2 + 288*w - 8627. Calculate l(-44).
-3
Let c(f) = -950*f + 7348. Give c(7).
698
Let m(o) = 5*o**3 - 49*o**2 - 13*o + 35. Calculate m(11).
618
Let c(a) = -4*a**3 + 24*a**2 + 57*a + 29. Calculate c(9).
-430
Let q(s) = 359*s**2 - 6463*s + 48. Calculate q(18).
30
Let f(i) = 145461*i + 290926. Determine f(-2).
4
Let g(m) = 9531*m + 104859. Calculate g(-11).
18
Let t(l) = -1482*l - 8269. Determine t(-6).
623
Let u(s) = -9*s**2 + 12*s + 191. Give u(7).
-166
Let w(y) = -764*y - 10211. Determine w(-13).
-279
Let f(n) = -n**3 + 1707*n**2 - 12202*n + 2113. Give f(7).
-1
Let c(h) = -h**3 + 41*h**2 + 517*h - 314. What is c(51)?
43
Let b(h) = -3627*h**2 - 76159*h + 167. Calculate b(-21).
-1
Let j(y) = y**2 - 93*y + 210. Give j(88).
-230
Let p(y) = -1219*y**2 + 379109*y. Give p(311).
0
Let a(x) = x**3 + 18*x**2 + 70*x + 1439. Determine a(-21).
-1354
Let y(z) = -122*z**2 - 26598*z - 474. Calculate y(-218).
-38
Let o(g) = g**3 + 53*g**2 + 684*g + 54. Give o(-31).
-8
Let r(i) = 2*i**2 + 1691*i + 34614. Give r(-21).
-15
Let u(g) = -13*g**2 + 62*g - 319. Calculate u(3).
-250
Let f(p) = -2*p**3 + 515*p**2 - 24241*p - 64. What is f(62)?
-2
Let z(y) = 2*y**2 + 52422*y + 18561732. Give z(-359).
-4
Let d(u) = u**3 + 314*u**2 + 1179*u - 18804. Give d(-310).
106
Let p(g) = -22*g - 2278. Calculate p(-70).
-738
Let r(a) = a**3 - 45*a**2 + 360*a - 18785. Calculate r(46).
-109
Let h(f) = 1410*f - 232640. Determine h(165).
10
Let q(i) = i**3 - 370*i**2 + 19538*i + 14140. Determine q(306).
64
Let i(f) = -f**3 - 13*f**2 - f - 311. Calculate i(0).
-311
Let q(f) = 44*f**2 + 90*f - 7465. Calculate q(12).
-49
Let c(k) = k**2 + 67882*k + 746581. What is c(-11)?
0
Let z(i) = -23*i**3 + 1491*i**2 + 160*i + 6541. What is z(65)?
41
Let s(d) = -d**3 + 400*d**2 - 11366*d - 2253. Determine s(31).
10
Let r(l) = -267*l**2 - 1558*l + 14. What is r(-6)?
-250
Let u(p) = -p**3 - 93*p**2 + 593*p - 476. Give u(-99).
-377
Let x(y) = -4420*y - 229840. What is x(-52)?
0
Let m(z) = 3*z**3 + 1942*z**2 + 12183*z + 2691. Determine m(-641).
127
Let c(m) = -419*m - 78777. Determine c(-188).
-5
Let q(m) = 44*m**2 + 614*m - 8. What is q(-14)?
20
Let g(l) = l**3 + 30*l**2 + 160*l - 717. What is g(-12)?
-45
Let o(j) = 812*j - 4161. Calculate o(5).
-101
Let p(c) = c**3 + 54*c**2 + 291*c + 12637. What is p(-53)?
23
Let f(g) = 11*g**3 - 2935*g**2 - 758*g + 59844. What is f(267)?
36
Let d(g) = -499*g**2 + 1988*g - 6. Give d(4).
-38
Let s(p) = 555*p + 66900. Give s(-121).
-255
Let u(f) = 3265*f**3 - 18*f**2 + 6*f + 11. Calculate u(-1).
-3278
Let i(s) = 16542*s + 99299. Give i(-6).
47
Let t(x) = -2*x**3 + 102*x**2 - 2409*x + 122834. Give t(51).
-25
Let c(r) = -5*r**3 - 68*r**2 - 3*r + 212. What is c(-14)?
646
Let w(i) = i**2 - 4755*i - 143558. Determine w(-30).
-8
Let a(w) = -271044*w - 4607748. Determine a(-17).
0
Let f(m) = -8434*m + 1003613. What is f(119)?
-33
Let s(x) = 251*x**3 + 2766*x**2 + 17*x + 128. Calculate s(-11).
546
Let s(l) = -43269*l + 778844. What is s(18)?
2
Let m(p) = 3*p**3 - 10*p**2 - 38*p - 81. Determine m(8).
511
Let c(b) = 54*b**2 + 1266*b + 87. Determine c(-23).
-465
Let v(g) = 5*g**2 + 186*g + 288. Calculate v(-45).
2043
Let j(k) = 28866*k - 2309280. Give j(80).
0
Let k(o) = -4*o**3 + 32*o**2 + 252*o - 1037. Calculate k(3).
-101
Let a(g) = 754